Last updated on 2020-07-02 02:09:45 CEST.
Flavor | Version | Tinstall | Tcheck | Ttotal | Status | Flags |
---|---|---|---|---|---|---|
r-devel-linux-x86_64-debian-clang | 0.4.0 | 12.06 | 101.71 | 113.77 | OK | |
r-devel-linux-x86_64-debian-gcc | 0.4.0 | 9.35 | 76.61 | 85.96 | OK | |
r-devel-linux-x86_64-fedora-clang | 0.4.0 | 143.05 | OK | |||
r-devel-linux-x86_64-fedora-gcc | 0.4.0 | 132.54 | OK | |||
r-devel-windows-ix86+x86_64 | 0.4.0 | 32.00 | 97.00 | 129.00 | OK | |
r-patched-linux-x86_64 | 0.4.0 | 9.83 | 96.75 | 106.58 | OK | |
r-patched-solaris-x86 | 0.4.0 | 195.50 | OK | |||
r-release-linux-x86_64 | 0.4.0 | 10.32 | 97.23 | 107.55 | OK | |
r-release-osx-x86_64 | 0.4.0 | OK | ||||
r-release-windows-ix86+x86_64 | 0.4.0 | 26.00 | 96.00 | 122.00 | OK | |
r-oldrel-osx-x86_64 | 0.4.0 | WARN | ||||
r-oldrel-windows-ix86+x86_64 | 0.4.0 | 24.00 | 126.00 | 150.00 | OK |
Version: 0.4.0
Check: whether package can be installed
Result: WARN
Found the following significant warnings:
Warning: package ‘S4Vectors’ was built under R version 3.6.1
Warning: package ‘IRanges’ was built under R version 3.6.1
Flavor: r-oldrel-osx-x86_64