Last updated on 2020-07-02 02:09:45 CEST.
Flavor | Version | Tinstall | Tcheck | Ttotal | Status | Flags |
---|---|---|---|---|---|---|
r-devel-linux-x86_64-debian-clang | 1.2.2 | 70.65 | 190.41 | 261.06 | OK | |
r-devel-linux-x86_64-debian-gcc | 1.2.2 | 59.80 | 162.04 | 221.84 | OK | |
r-devel-linux-x86_64-fedora-clang | 1.2.2 | 325.02 | NOTE | |||
r-devel-linux-x86_64-fedora-gcc | 1.2.2 | 352.90 | OK | |||
r-devel-windows-ix86+x86_64 | 1.2.2 | 164.00 | 280.00 | 444.00 | OK | |
r-patched-linux-x86_64 | 1.2.2 | 61.78 | 166.51 | 228.29 | OK | |
r-patched-solaris-x86 | 1.2.2 | 470.00 | WARN | |||
r-release-linux-x86_64 | 1.2.2 | 59.81 | 172.99 | 232.80 | OK | |
r-release-osx-x86_64 | 1.2.2 | NOTE | ||||
r-release-windows-ix86+x86_64 | 1.2.2 | 118.00 | 224.00 | 342.00 | OK | |
r-oldrel-osx-x86_64 | 1.2.2 | NOTE | ||||
r-oldrel-windows-ix86+x86_64 | 1.2.2 | 123.00 | 345.00 | 468.00 | OK |
Version: 1.2.2
Check: installed package size
Result: NOTE
installed size is 9.0Mb
sub-directories of 1Mb or more:
libs 7.8Mb
Flavors: r-devel-linux-x86_64-fedora-clang, r-release-osx-x86_64, r-oldrel-osx-x86_64
Version: 1.2.2
Check: re-building of vignette outputs
Result: WARN
Error(s) in re-building vignettes:
...
--- re-building ‘the_clusterR_package.Rmd’ using rmarkdown
Warning in engine$weave(file, quiet = quiet, encoding = enc) :
Pandoc (>= 1.12.3) and/or pandoc-citeproc not available. Falling back to R Markdown v1.
Quitting from lines 403-416 (the_clusterR_package.Rmd)
Error: processing vignette 'the_clusterR_package.Rmd' failed with diagnostics:
std::bad_alloc
--- failed re-building ‘the_clusterR_package.Rmd’
SUMMARY: processing the following file failed:
‘the_clusterR_package.Rmd’
Error: Vignette re-building failed.
Execution halted
Flavor: r-patched-solaris-x86