Last updated on 2020-07-02 02:09:45 CEST.
Flavor | Version | Tinstall | Tcheck | Ttotal | Status | Flags |
---|---|---|---|---|---|---|
r-devel-linux-x86_64-debian-clang | 3.5.4 | 155.47 | 152.92 | 308.39 | OK | |
r-devel-linux-x86_64-debian-gcc | 3.5.4 | 119.24 | 115.94 | 235.18 | OK | |
r-devel-linux-x86_64-fedora-clang | 3.5.4 | 410.01 | NOTE | |||
r-devel-linux-x86_64-fedora-gcc | 3.5.4 | 393.07 | OK | |||
r-devel-windows-ix86+x86_64 | 3.5.4 | 391.00 | 290.00 | 681.00 | NOTE | |
r-patched-linux-x86_64 | 3.5.4 | 123.24 | 147.77 | 271.01 | OK | |
r-patched-solaris-x86 | 3.5.4 | 423.50 | OK | |||
r-release-linux-x86_64 | 3.5.4 | 126.91 | 147.56 | 274.47 | OK | |
r-release-osx-x86_64 | 3.5.4 | NOTE | ||||
r-release-windows-ix86+x86_64 | 3.5.4 | 300.00 | 213.00 | 513.00 | NOTE | |
r-oldrel-osx-x86_64 | 3.5.4 | NOTE | ||||
r-oldrel-windows-ix86+x86_64 | 3.5.4 | 398.00 | 293.00 | 691.00 | NOTE |
Version: 3.5.4
Check: installed package size
Result: NOTE
installed size is 9.9Mb
sub-directories of 1Mb or more:
doc 2.0Mb
libs 6.9Mb
Flavors: r-devel-linux-x86_64-fedora-clang, r-devel-windows-ix86+x86_64, r-release-osx-x86_64, r-release-windows-ix86+x86_64, r-oldrel-osx-x86_64, r-oldrel-windows-ix86+x86_64