Last updated on 2020-07-02 02:09:46 CEST.
Flavor | Version | Tinstall | Tcheck | Ttotal | Status | Flags |
---|---|---|---|---|---|---|
r-devel-linux-x86_64-debian-clang | 3.0 | 10.89 | 87.38 | 98.27 | OK | |
r-devel-linux-x86_64-debian-gcc | 3.0 | 8.04 | 66.76 | 74.80 | OK | |
r-devel-linux-x86_64-fedora-clang | 3.0 | 126.81 | NOTE | |||
r-devel-linux-x86_64-fedora-gcc | 3.0 | 116.25 | OK | |||
r-devel-windows-ix86+x86_64 | 3.0 | 23.00 | 107.00 | 130.00 | OK | |
r-patched-linux-x86_64 | 3.0 | 12.02 | 87.78 | 99.80 | OK | |
r-patched-solaris-x86 | 3.0 | 161.00 | OK | |||
r-release-linux-x86_64 | 3.0 | 10.32 | 86.59 | 96.91 | OK | |
r-release-osx-x86_64 | 3.0 | OK | ||||
r-release-windows-ix86+x86_64 | 3.0 | 16.00 | 101.00 | 117.00 | OK | |
r-oldrel-osx-x86_64 | 3.0 | OK | ||||
r-oldrel-windows-ix86+x86_64 | 3.0 | 24.00 | 140.00 | 164.00 | OK |
Version: 3.0
Check: Rd cross-references
Result: NOTE
Undeclared package ‘betareg’ in Rd xrefs
Flavor: r-devel-linux-x86_64-fedora-clang