CRAN Package Check Results for Package CrossClustering

Last updated on 2020-07-02 02:09:46 CEST.

Flavor Version Tinstall Tcheck Ttotal Status Flags
r-devel-linux-x86_64-debian-clang 4.0.3 2.55 47.42 49.97 OK
r-devel-linux-x86_64-debian-gcc 4.0.3 2.29 36.59 38.88 OK
r-devel-linux-x86_64-fedora-clang 4.0.3 71.58 NOTE
r-devel-linux-x86_64-fedora-gcc 4.0.3 58.62 NOTE
r-devel-windows-ix86+x86_64 4.0.3 16.00 78.00 94.00 OK
r-patched-linux-x86_64 4.0.3 2.40 47.78 50.18 OK
r-patched-solaris-x86 4.0.3 82.30 NOTE
r-release-linux-x86_64 4.0.3 2.59 47.36 49.95 OK
r-release-osx-x86_64 4.0.3 NOTE
r-release-windows-ix86+x86_64 4.0.3 8.00 61.00 69.00 OK
r-oldrel-osx-x86_64 4.0.3 NOTE
r-oldrel-windows-ix86+x86_64 4.0.3 17.00 83.00 100.00 OK

Check Details

Version: 4.0.3
Check: dependencies in R code
Result: NOTE
    Namespace in Imports field not imported from: ‘glue’
     All declared Imports should be used.
Flavors: r-devel-linux-x86_64-fedora-clang, r-devel-linux-x86_64-fedora-gcc, r-patched-solaris-x86, r-release-osx-x86_64, r-oldrel-osx-x86_64