CRAN Package Check Results for Package DEoptimR

Last updated on 2020-07-02 02:09:46 CEST.

Flavor Version Tinstall Tcheck Ttotal Status Flags
r-devel-linux-x86_64-debian-clang 1.0-8 1.88 31.63 33.51 OK
r-devel-linux-x86_64-debian-gcc 1.0-8 1.63 24.35 25.98 OK
r-devel-linux-x86_64-fedora-clang 1.0-8 48.38 NOTE
r-devel-linux-x86_64-fedora-gcc 1.0-8 39.67 OK
r-devel-windows-ix86+x86_64 1.0-8 6.00 44.00 50.00 OK
r-patched-linux-x86_64 1.0-8 1.62 32.51 34.13 OK
r-patched-solaris-x86 1.0-8 58.80 OK
r-release-linux-x86_64 1.0-8 2.07 31.81 33.88 OK
r-release-osx-x86_64 1.0-8 OK
r-release-windows-ix86+x86_64 1.0-8 5.00 44.00 49.00 OK
r-oldrel-osx-x86_64 1.0-8 OK
r-oldrel-windows-ix86+x86_64 1.0-8 5.00 61.00 66.00 OK

Check Details

Version: 1.0-8
Check: Rd cross-references
Result: NOTE
    Undeclared package ‘DEoptim’ in Rd xrefs
Flavor: r-devel-linux-x86_64-fedora-clang