CRAN Package Check Results for Package DGCA

Last updated on 2020-07-02 02:09:46 CEST.

Flavor Version Tinstall Tcheck Ttotal Status Flags
r-devel-linux-x86_64-debian-clang 1.0.2 21.99 213.33 235.32 OK
r-devel-linux-x86_64-debian-gcc 1.0.2 19.83 159.63 179.46 OK
r-devel-linux-x86_64-fedora-clang 1.0.2 295.87 OK
r-devel-linux-x86_64-fedora-gcc 1.0.2 286.31 OK
r-devel-windows-ix86+x86_64 1.0.2 84.00 231.00 315.00 NOTE
r-patched-linux-x86_64 1.0.2 22.74 209.58 232.32 OK
r-patched-solaris-x86 1.0.2 415.50 OK
r-release-linux-x86_64 1.0.2 19.20 206.75 225.95 OK
r-release-osx-x86_64 1.0.2 WARN
r-release-windows-ix86+x86_64 1.0.2 48.00 210.00 258.00 NOTE
r-oldrel-osx-x86_64 1.0.2 ERROR
r-oldrel-windows-ix86+x86_64 1.0.2 55.00 298.00 353.00 NOTE

Check Details

Version: 1.0.2
Check: package dependencies
Result: NOTE
    Package suggested but not available for checking: 'doMC'
Flavors: r-devel-windows-ix86+x86_64, r-release-windows-ix86+x86_64, r-oldrel-windows-ix86+x86_64

Version: 1.0.2
Check: package dependencies
Result: NOTE
    Package suggested but not available for checking: ‘org.Hs.eg.db’
Flavor: r-release-osx-x86_64

Version: 1.0.2
Check: re-building of vignette outputs
Result: WARN
    Error(s) in re-building vignettes:
    --- re-building ‘DGCA_basic.Rmd’ using rmarkdown
    
    Classifying the differential correlation calls.
    Calculating permutation number 1.
    Calculating permutation number 2.
    Calculating permutation number 3.
    Calculating permutation number 4.
    Calculating permutation number 5.
    Calculating empirical p-values using the permutation sample statistics.
    Sorting the combination of the actual and permuted test statistics.
    Finding the proportion of each actual test statistic greater than the permuted test statistics.
    Calculating qvalues from the empirical p-values.
    Classifying the differential correlation calls.
    The dotplot_binwidth is 1e-04 and the dotplot_size is 0.913.
    Warning: `fun.y` is deprecated. Use `fun` instead.
    Warning: `fun.ymin` is deprecated. Use `fun.min` instead.
    Warning: `fun.ymax` is deprecated. Use `fun.max` instead.
    dyld: lazy symbol binding failed: Symbol not found: ____chkstk_darwin
     Referenced from: /usr/local/bin/pandoc (which was built for Mac OS X 10.15)
     Expected in: /usr/lib/libSystem.B.dylib
    
    dyld: Symbol not found: ____chkstk_darwin
     Referenced from: /usr/local/bin/pandoc (which was built for Mac OS X 10.15)
     Expected in: /usr/lib/libSystem.B.dylib
    
    Error: processing vignette 'DGCA_basic.Rmd' failed with diagnostics:
    pandoc document conversion failed with error 6
    --- failed re-building ‘DGCA_basic.Rmd’
    
    SUMMARY: processing the following file failed:
     ‘DGCA_basic.Rmd’
    
    Error: Vignette re-building failed.
    Execution halted
Flavor: r-release-osx-x86_64

Version: 1.0.2
Check: package dependencies
Result: ERROR
    Package required but not available: ‘WGCNA’
    
    Package suggested but not available for checking: ‘org.Hs.eg.db’
    
    See section ‘The DESCRIPTION file’ in the ‘Writing R Extensions’
    manual.
Flavor: r-oldrel-osx-x86_64