CRAN Package Check Results for Package DNAtools

Last updated on 2020-07-02 02:09:47 CEST.

Flavor Version Tinstall Tcheck Ttotal Status Flags
r-devel-linux-x86_64-debian-clang 0.2-2 73.84 71.08 144.92 NOTE
r-devel-linux-x86_64-debian-gcc 0.2-2 54.26 54.63 108.89 NOTE
r-devel-linux-x86_64-fedora-clang 0.2-2 202.82 NOTE
r-devel-linux-x86_64-fedora-gcc 0.2-2 178.65 NOTE
r-devel-windows-ix86+x86_64 0.2-2 183.00 162.00 345.00 NOTE
r-patched-linux-x86_64 0.2-2 55.95 71.46 127.41 NOTE
r-patched-solaris-x86 0.2-2 178.90 NOTE
r-release-linux-x86_64 0.2-2 56.77 70.90 127.67 NOTE
r-release-osx-x86_64 0.2-2 NOTE
r-release-windows-ix86+x86_64 0.2-2 143.00 109.00 252.00 NOTE
r-oldrel-osx-x86_64 0.2-2 NOTE
r-oldrel-windows-ix86+x86_64 0.2-2 133.00 195.00 328.00 NOTE

Additional issues

noLD

Check Details

Version: 0.2-2
Check: for GNU extensions in Makefiles
Result: NOTE
    GNU make is a SystemRequirements.
Flavors: r-devel-linux-x86_64-debian-clang, r-devel-linux-x86_64-debian-gcc, r-devel-linux-x86_64-fedora-clang, r-devel-linux-x86_64-fedora-gcc, r-devel-windows-ix86+x86_64, r-patched-linux-x86_64, r-patched-solaris-x86, r-release-linux-x86_64, r-release-osx-x86_64, r-release-windows-ix86+x86_64, r-oldrel-osx-x86_64, r-oldrel-windows-ix86+x86_64