Last updated on 2020-07-02 02:09:46 CEST.
Flavor | Version | Tinstall | Tcheck | Ttotal | Status | Flags |
---|---|---|---|---|---|---|
r-devel-linux-x86_64-debian-clang | 1.1.12 | 53.79 | 385.65 | 439.44 | OK | |
r-devel-linux-x86_64-debian-gcc | 1.1.12 | 38.28 | 326.26 | 364.54 | OK | |
r-devel-linux-x86_64-fedora-clang | 1.1.12 | 530.27 | OK | |||
r-devel-linux-x86_64-fedora-gcc | 1.1.12 | 543.44 | OK | |||
r-devel-windows-ix86+x86_64 | 1.1.12 | 141.00 | 426.00 | 567.00 | NOTE | |
r-patched-linux-x86_64 | 1.1.12 | 43.58 | 377.76 | 421.34 | OK | |
r-patched-solaris-x86 | 1.1.12 | 880.80 | OK | |||
r-release-linux-x86_64 | 1.1.12 | 46.24 | 388.04 | 434.28 | OK | |
r-release-osx-x86_64 | 1.1.12 | OK | ||||
r-release-windows-ix86+x86_64 | 1.1.12 | 113.00 | 356.00 | 469.00 | NOTE | |
r-oldrel-osx-x86_64 | 1.1.12 | OK | ||||
r-oldrel-windows-ix86+x86_64 | 1.1.12 | 116.00 | 490.00 | 606.00 | OK |
Version: 1.1.12
Check: installed package size
Result: NOTE
installed size is 5.2Mb
sub-directories of 1Mb or more:
doc 1.7Mb
libs 2.1Mb
Flavors: r-devel-windows-ix86+x86_64, r-release-windows-ix86+x86_64