Last updated on 2020-07-02 02:09:46 CEST.
Flavor | Version | Tinstall | Tcheck | Ttotal | Status | Flags |
---|---|---|---|---|---|---|
r-devel-linux-x86_64-debian-clang | 0.0.5 | 34.82 | 25.29 | 60.11 | OK | |
r-devel-linux-x86_64-debian-gcc | 0.0.5 | 28.17 | 21.10 | 49.27 | OK | |
r-devel-linux-x86_64-fedora-clang | 0.0.5 | 92.19 | NOTE | |||
r-devel-linux-x86_64-fedora-gcc | 0.0.5 | 74.81 | OK | |||
r-devel-windows-ix86+x86_64 | 0.0.5 | 79.00 | 68.00 | 147.00 | OK | |
r-patched-linux-x86_64 | 0.0.5 | 31.82 | 27.47 | 59.29 | OK | |
r-patched-solaris-x86 | 0.0.5 | 79.50 | OK | |||
r-release-linux-x86_64 | 0.0.5 | 30.62 | 26.41 | 57.03 | OK | |
r-release-osx-x86_64 | 0.0.5 | NOTE | ||||
r-release-windows-ix86+x86_64 | 0.0.5 | 60.00 | 58.00 | 118.00 | OK | |
r-oldrel-osx-x86_64 | 0.0.5 | NOTE | ||||
r-oldrel-windows-ix86+x86_64 | 0.0.5 | 56.00 | 79.00 | 135.00 | OK |
Version: 0.0.5
Check: installed package size
Result: NOTE
installed size is 11.1Mb
sub-directories of 1Mb or more:
libs 11.0Mb
Flavors: r-devel-linux-x86_64-fedora-clang, r-release-osx-x86_64, r-oldrel-osx-x86_64