Last updated on 2020-07-02 02:09:47 CEST.
Flavor | Version | Tinstall | Tcheck | Ttotal | Status | Flags |
---|---|---|---|---|---|---|
r-devel-linux-x86_64-debian-clang | 2.2 | 295.05 | 66.74 | 361.79 | OK | |
r-devel-linux-x86_64-debian-gcc | 2.2 | 224.59 | 52.07 | 276.66 | OK | |
r-devel-linux-x86_64-fedora-clang | 2.2 | 530.09 | NOTE | |||
r-devel-linux-x86_64-fedora-gcc | 2.2 | 465.60 | OK | |||
r-devel-windows-ix86+x86_64 | 2.2 | 106.00 | 7.00 | 113.00 | ERROR | |
r-patched-linux-x86_64 | 2.2 | 232.24 | 66.79 | 299.03 | OK | |
r-patched-solaris-x86 | 2.2 | 390.80 | OK | |||
r-release-linux-x86_64 | 2.2 | 229.39 | 66.11 | 295.50 | OK | |
r-release-osx-x86_64 | 2.2 | NOTE | ||||
r-release-windows-ix86+x86_64 | 2.2 | 593.00 | 114.00 | 707.00 | OK | |
r-oldrel-osx-x86_64 | 2.2 | NOTE | ||||
r-oldrel-windows-ix86+x86_64 | 2.2 | 697.00 | 191.00 | 888.00 | OK |
Version: 2.2
Check: installed package size
Result: NOTE
installed size is 14.0Mb
sub-directories of 1Mb or more:
libs 12.5Mb
shiny_app 1.1Mb
Flavors: r-devel-linux-x86_64-fedora-clang, r-release-osx-x86_64, r-oldrel-osx-x86_64
Version: 2.2
Check: whether package can be installed
Result: ERROR
Installation failed.
Flavor: r-devel-windows-ix86+x86_64