CRAN Package Check Results for Package Ecfun

Last updated on 2020-07-02 02:09:47 CEST.

Flavor Version Tinstall Tcheck Ttotal Status Flags
r-devel-linux-x86_64-debian-clang 0.2-2 13.24 140.50 153.74 OK
r-devel-linux-x86_64-debian-gcc 0.2-2 11.52 102.75 114.27 OK
r-devel-linux-x86_64-fedora-clang 0.2-2 188.74 NOTE
r-devel-linux-x86_64-fedora-gcc 0.2-2 182.63 OK
r-devel-windows-ix86+x86_64 0.2-2 36.00 196.00 232.00 OK
r-patched-linux-x86_64 0.2-2 15.72 137.33 153.05 OK
r-patched-solaris-x86 0.2-2 252.70 OK
r-release-linux-x86_64 0.2-2 15.23 137.72 152.95 OK
r-release-osx-x86_64 0.2-2 OK
r-release-windows-ix86+x86_64 0.2-2 26.00 154.00 180.00 OK
r-oldrel-osx-x86_64 0.2-2 OK
r-oldrel-windows-ix86+x86_64 0.2-2 33.00 241.00 274.00 OK

Check Details

Version: 0.2-2
Check: Rd cross-references
Result: NOTE
    Undeclared packages ‘EnvStats’, ‘drc’, ‘zoo’, ‘openxlsx’, ‘prodlim’, ‘plyr’, ‘TRAMPR’, ‘raster’ in Rd xrefs
Flavor: r-devel-linux-x86_64-fedora-clang