Last updated on 2020-07-02 02:09:47 CEST.
Flavor | Version | Tinstall | Tcheck | Ttotal | Status | Flags |
---|---|---|---|---|---|---|
r-devel-linux-x86_64-debian-clang | 0.4.12.1 | 6.53 | 40.81 | 47.34 | OK | |
r-devel-linux-x86_64-debian-gcc | 0.4.12.1 | 5.02 | 32.11 | 37.13 | OK | |
r-devel-linux-x86_64-fedora-clang | 0.4.12.1 | 63.98 | NOTE | |||
r-devel-linux-x86_64-fedora-gcc | 0.4.12.1 | 54.60 | NOTE | |||
r-devel-windows-ix86+x86_64 | 0.4.12.1 | 14.00 | 59.00 | 73.00 | OK | |
r-patched-linux-x86_64 | 0.4.12.1 | 5.67 | 41.24 | 46.91 | OK | |
r-patched-solaris-x86 | 0.4.12.1 | 82.10 | NOTE | |||
r-release-linux-x86_64 | 0.4.12.1 | 6.53 | 40.91 | 47.44 | OK | |
r-release-osx-x86_64 | 0.4.12.1 | NOTE | ||||
r-release-windows-ix86+x86_64 | 0.4.12.1 | 10.00 | 57.00 | 67.00 | OK | |
r-oldrel-osx-x86_64 | 0.4.12.1 | NOTE | ||||
r-oldrel-windows-ix86+x86_64 | 0.4.12.1 | 11.00 | 85.00 | 96.00 | OK |
Version: 0.4.12.1
Check: data for non-ASCII characters
Result: NOTE
Note: found 8 marked UTF-8 strings
Flavors: r-devel-linux-x86_64-fedora-clang, r-devel-linux-x86_64-fedora-gcc, r-patched-solaris-x86, r-release-osx-x86_64, r-oldrel-osx-x86_64