Last updated on 2020-07-02 02:09:48 CEST.
Flavor | Version | Tinstall | Tcheck | Ttotal | Status | Flags |
---|---|---|---|---|---|---|
r-devel-linux-x86_64-debian-clang | 2.40 | 23.59 | 446.74 | 470.33 | OK | |
r-devel-linux-x86_64-debian-gcc | 2.40 | 19.30 | 331.25 | 350.55 | OK | |
r-devel-linux-x86_64-fedora-clang | 2.40 | 552.78 | NOTE | |||
r-devel-linux-x86_64-fedora-gcc | 2.40 | 547.38 | OK | |||
r-devel-windows-ix86+x86_64 | 2.40 | 54.00 | 542.00 | 596.00 | OK | |
r-patched-linux-x86_64 | 2.40 | 22.45 | 451.63 | 474.08 | OK | |
r-patched-solaris-x86 | 2.40 | 924.10 | OK | |||
r-release-linux-x86_64 | 2.40 | 21.38 | 451.24 | 472.62 | OK | |
r-release-osx-x86_64 | 2.40 | OK | ||||
r-release-windows-ix86+x86_64 | 2.40 | 44.00 | 552.00 | 596.00 | OK | |
r-oldrel-osx-x86_64 | 2.40 | OK | ||||
r-oldrel-windows-ix86+x86_64 | 2.40 | 49.00 | 717.00 | 766.00 | OK |
Version: 2.40
Check: Rd cross-references
Result: NOTE
Undeclared packages ‘ilc’, ‘demography’ in Rd xrefs
Flavor: r-devel-linux-x86_64-fedora-clang