Last updated on 2020-07-02 02:09:49 CEST.
Flavor | Version | Tinstall | Tcheck | Ttotal | Status | Flags |
---|---|---|---|---|---|---|
r-devel-linux-x86_64-debian-clang | 0.5.0 | 9.27 | 176.79 | 186.06 | OK | |
r-devel-linux-x86_64-debian-gcc | 0.5.0 | 8.37 | 127.50 | 135.87 | OK | |
r-devel-linux-x86_64-fedora-clang | 0.5.0 | 225.69 | WARN | |||
r-devel-linux-x86_64-fedora-gcc | 0.5.0 | 211.41 | NOTE | |||
r-devel-windows-ix86+x86_64 | 0.5.0 | 27.00 | 258.00 | 285.00 | OK | |
r-patched-linux-x86_64 | 0.5.0 | 8.84 | 169.70 | 178.54 | OK | |
r-patched-solaris-x86 | 0.5.0 | 331.80 | NOTE | |||
r-release-linux-x86_64 | 0.5.0 | 7.20 | 171.21 | 178.41 | OK | |
r-release-osx-x86_64 | 0.5.0 | NOTE | ||||
r-release-windows-ix86+x86_64 | 0.5.0 | 17.00 | 188.00 | 205.00 | OK | |
r-oldrel-osx-x86_64 | 0.5.0 | NOTE | ||||
r-oldrel-windows-ix86+x86_64 | 0.5.0 | 22.00 | 246.00 | 268.00 | OK |
Version: 0.5.0
Check: package dependencies
Result: WARN
Requires orphaned package: ‘bit’
Flavor: r-devel-linux-x86_64-fedora-clang
Version: 0.5.0
Check: dependencies in R code
Result: NOTE
Namespaces in Imports field not imported from:
‘raster’ ‘rgdal’
All declared Imports should be used.
Flavors: r-devel-linux-x86_64-fedora-clang, r-devel-linux-x86_64-fedora-gcc, r-patched-solaris-x86, r-release-osx-x86_64, r-oldrel-osx-x86_64