CRAN Package Check Results for Package FlowScreen

Last updated on 2020-07-02 02:09:49 CEST.

Flavor Version Tinstall Tcheck Ttotal Status Flags
r-devel-linux-x86_64-debian-clang 1.2.6 5.55 53.49 59.04 OK
r-devel-linux-x86_64-debian-gcc 1.2.6 5.04 40.19 45.23 OK
r-devel-linux-x86_64-fedora-clang 1.2.6 77.31 NOTE
r-devel-linux-x86_64-fedora-gcc 1.2.6 68.56 OK
r-devel-windows-ix86+x86_64 1.2.6 13.00 71.00 84.00 OK
r-patched-linux-x86_64 1.2.6 5.78 52.99 58.77 OK
r-patched-solaris-x86 1.2.6 95.00 OK
r-release-linux-x86_64 1.2.6 5.98 53.37 59.35 OK
r-release-osx-x86_64 1.2.6 OK
r-release-windows-ix86+x86_64 1.2.6 9.00 60.00 69.00 OK
r-oldrel-osx-x86_64 1.2.6 OK
r-oldrel-windows-ix86+x86_64 1.2.6 9.00 83.00 92.00 OK

Check Details

Version: 1.2.6
Check: Rd cross-references
Result: NOTE
    Undeclared package ‘Kendall’ in Rd xrefs
Flavor: r-devel-linux-x86_64-fedora-clang