CRAN Package Check Results for Package ForecastTB

Last updated on 2020-07-02 02:09:49 CEST.

Flavor Version Tinstall Tcheck Ttotal Status Flags
r-devel-linux-x86_64-debian-clang 1.0.1 8.71 101.56 110.27 OK
r-devel-linux-x86_64-debian-gcc 1.0.1 6.17 95.48 101.65 OK
r-devel-linux-x86_64-fedora-clang 1.0.1 125.54 NOTE
r-devel-linux-x86_64-fedora-gcc 1.0.1 116.96 NOTE
r-devel-windows-ix86+x86_64 1.0.1 47.00 144.00 191.00 OK
r-patched-linux-x86_64 1.0.1 6.27 99.01 105.28 OK
r-patched-solaris-x86 1.0.1 167.30 NOTE
r-release-linux-x86_64 1.0.1 5.74 102.60 108.34 OK
r-release-osx-x86_64 1.0.1 NOTE
r-release-windows-ix86+x86_64 1.0.1 24.00 98.00 122.00 OK
r-oldrel-osx-x86_64 1.0.1 NOTE
r-oldrel-windows-ix86+x86_64 1.0.1 30.00 140.00 170.00 OK

Check Details

Version: 1.0.1
Check: dependencies in R code
Result: NOTE
    Namespace in Imports field not imported from: ‘decomposedPSF’
     All declared Imports should be used.
Flavors: r-devel-linux-x86_64-fedora-clang, r-devel-linux-x86_64-fedora-gcc, r-patched-solaris-x86, r-release-osx-x86_64, r-oldrel-osx-x86_64