Last updated on 2020-07-02 02:09:49 CEST.
Flavor | Version | Tinstall | Tcheck | Ttotal | Status | Flags |
---|---|---|---|---|---|---|
r-devel-linux-x86_64-debian-clang | 1.5 | 9.24 | 75.67 | 84.91 | OK | |
r-devel-linux-x86_64-debian-gcc | 1.5 | 7.48 | 55.97 | 63.45 | OK | |
r-devel-linux-x86_64-fedora-clang | 1.5 | 112.72 | NOTE | |||
r-devel-linux-x86_64-fedora-gcc | 1.5 | 98.72 | OK | |||
r-devel-windows-ix86+x86_64 | 1.5 | 32.00 | 95.00 | 127.00 | OK | |
r-patched-linux-x86_64 | 1.5 | 9.13 | 73.25 | 82.38 | OK | |
r-patched-solaris-x86 | 1.5 | 133.40 | OK | |||
r-release-linux-x86_64 | 1.5 | 7.04 | 73.40 | 80.44 | OK | |
r-release-osx-x86_64 | 1.5 | OK | ||||
r-release-windows-ix86+x86_64 | 1.5 | 21.00 | 92.00 | 113.00 | OK | |
r-oldrel-osx-x86_64 | 1.5 | OK | ||||
r-oldrel-windows-ix86+x86_64 | 1.5 | 30.00 | 133.00 | 163.00 | OK |
Version: 1.5
Check: Rd cross-references
Result: NOTE
Undeclared package ‘vcd’ in Rd xrefs
Flavor: r-devel-linux-x86_64-fedora-clang