Last updated on 2020-07-02 02:09:50 CEST.
Flavor | Version | Tinstall | Tcheck | Ttotal | Status | Flags |
---|---|---|---|---|---|---|
r-devel-linux-x86_64-debian-clang | 1.0.1 | 2.34 | 17.96 | 20.30 | OK | |
r-devel-linux-x86_64-debian-gcc | 1.0.1 | 1.92 | 14.36 | 16.28 | OK | |
r-devel-linux-x86_64-fedora-clang | 1.0.1 | 33.83 | NOTE | |||
r-devel-linux-x86_64-fedora-gcc | 1.0.1 | 24.02 | NOTE | |||
r-devel-windows-ix86+x86_64 | 1.0.1 | 14.00 | 29.00 | 43.00 | OK | |
r-patched-linux-x86_64 | 1.0.1 | 2.00 | 17.94 | 19.94 | OK | |
r-patched-solaris-x86 | 1.0.1 | 38.30 | NOTE | |||
r-release-linux-x86_64 | 1.0.1 | 2.35 | 17.96 | 20.31 | OK | |
r-release-osx-x86_64 | 1.0.1 | NOTE | ||||
r-release-windows-ix86+x86_64 | 1.0.1 | 7.00 | 30.00 | 37.00 | OK | |
r-oldrel-osx-x86_64 | 1.0.1 | NOTE | ||||
r-oldrel-windows-ix86+x86_64 | 1.0.1 | 16.00 | 44.00 | 60.00 | OK |
Version: 1.0.1
Check: dependencies in R code
Result: NOTE
Namespace in Imports field not imported from: ‘dplyr’
All declared Imports should be used.
Flavors: r-devel-linux-x86_64-fedora-clang, r-devel-linux-x86_64-fedora-gcc, r-patched-solaris-x86, r-release-osx-x86_64, r-oldrel-osx-x86_64