CRAN Package Check Results for Package GPSeqClus

Last updated on 2020-07-02 02:09:50 CEST.

Flavor Version Tinstall Tcheck Ttotal Status Flags
r-devel-linux-x86_64-debian-clang 1.0.0 15.93 131.96 147.89 OK
r-devel-linux-x86_64-debian-gcc 1.0.0 13.22 99.43 112.65 OK
r-devel-linux-x86_64-fedora-clang 1.0.0 188.40 OK
r-devel-linux-x86_64-fedora-gcc 1.0.0 177.45 OK
r-devel-windows-ix86+x86_64 1.0.0 49.00 196.00 245.00 OK
r-patched-linux-x86_64 1.0.0 15.81 130.73 146.54 OK
r-patched-solaris-x86 1.0.0 279.50 OK
r-release-linux-x86_64 1.0.0 18.59 129.13 147.72 OK
r-release-windows-ix86+x86_64 1.0.0 44.00 201.00 245.00 OK
r-oldrel-osx-x86_64 1.0.0 ERROR
r-oldrel-windows-ix86+x86_64 1.0.0 31.00 135.00 166.00 OK

Check Details

Version: 1.0.0
Check: dependencies in R code
Result: NOTE
    No protocol specified
    No protocol specified
Flavor: r-oldrel-osx-x86_64

Version: 1.0.0
Check: S3 generic/method consistency
Result: WARN
    No protocol specified
    No protocol specified
    See section ‘Generic functions and methods’ in the ‘Writing R
    Extensions’ manual.
Flavor: r-oldrel-osx-x86_64

Version: 1.0.0
Check: replacement functions
Result: WARN
    No protocol specified
    No protocol specified
    The argument of a replacement function which corresponds to the right
    hand side must be named ‘value’.
Flavor: r-oldrel-osx-x86_64

Version: 1.0.0
Check: foreign function calls
Result: NOTE
    No protocol specified
    No protocol specified
    See chapter ‘System and foreign language interfaces’ in the ‘Writing R
    Extensions’ manual.
Flavor: r-oldrel-osx-x86_64

Version: 1.0.0
Check: R code for possible problems
Result: NOTE
    No protocol specified
    No protocol specified
Flavor: r-oldrel-osx-x86_64

Version: 1.0.0
Check: for missing documentation entries
Result: WARN
    No protocol specified
    No protocol specified
    All user-level objects in a package should have documentation entries.
    See chapter ‘Writing R documentation files’ in the ‘Writing R
    Extensions’ manual.
Flavor: r-oldrel-osx-x86_64

Version: 1.0.0
Check: for code/documentation mismatches
Result: WARN
    No protocol specified
    No protocol specified
    No protocol specified
    No protocol specified
    No protocol specified
    No protocol specified
Flavor: r-oldrel-osx-x86_64

Version: 1.0.0
Check: Rd \usage sections
Result: NOTE
    No protocol specified
    No protocol specified
    The \usage entries for S3 methods should use the \method markup and not
    their full name.
    See chapter ‘Writing R documentation files’ in the ‘Writing R
    Extensions’ manual.
Flavor: r-oldrel-osx-x86_64

Version: 1.0.0
Check: examples
Result: ERROR
    Running examples in ‘GPSeqClus-Ex.R’ failed
    The error most likely occurred in:
    
    > ### Name: GPSeq_clus
    > ### Title: Sequential cluster algorithm of location data
    > ### Aliases: GPSeq_clus
    >
    > ### ** Examples
    >
    > GPSeq_clus(dat = ML_ex_dat[1:50,], search_radius_m = 200, window_days = 6,
    + clus_min_locs = 3, show_plots = c(FALSE, "mean"))
    TOTAL PROGRESS
    
     |
     | | 0%Error in structure(.External(.C_dotTclObjv, objv), class = "tclObj") :
     [tcl] invalid command name "toplevel".
    Calls: GPSeq_clus ... tktoplevel -> tkwidget -> tcl -> .Tcl.objv -> structure
    Execution halted
Flavor: r-oldrel-osx-x86_64