CRAN Package Check Results for Package GUIDE

Last updated on 2020-07-02 02:09:50 CEST.

Flavor Version Tinstall Tcheck Ttotal Status Flags
r-devel-linux-x86_64-debian-clang 1.2.7 12.79 53.98 66.77 OK
r-devel-linux-x86_64-debian-gcc 1.2.7 9.64 42.05 51.69 OK
r-devel-linux-x86_64-fedora-clang 1.2.7 90.59 OK
r-devel-linux-x86_64-fedora-gcc 1.2.7 80.78 OK
r-devel-windows-ix86+x86_64 1.2.7 21.00 56.00 77.00 OK
r-patched-linux-x86_64 1.2.7 13.61 55.53 69.14 OK
r-patched-solaris-x86 1.2.7 106.70 OK
r-release-linux-x86_64 1.2.7 13.50 55.97 69.47 OK
r-release-osx-x86_64 1.2.7 ERROR
r-release-windows-ix86+x86_64 1.2.7 16.00 56.00 72.00 OK
r-oldrel-osx-x86_64 1.2.7 ERROR
r-oldrel-windows-ix86+x86_64 1.2.7 14.00 84.00 98.00 OK

Check Details

Version: 1.2.7
Check: package dependencies
Result: ERROR
    Package required but not available: ‘rpanel’
    
    See section ‘The DESCRIPTION file’ in the ‘Writing R Extensions’
    manual.
Flavors: r-release-osx-x86_64, r-oldrel-osx-x86_64