Last updated on 2020-07-02 02:09:50 CEST.
Flavor | Version | Tinstall | Tcheck | Ttotal | Status | Flags |
---|---|---|---|---|---|---|
r-devel-linux-x86_64-debian-clang | 1.0.2 | 6.25 | 36.56 | 42.81 | OK | |
r-devel-linux-x86_64-debian-gcc | 1.0.2 | 4.40 | 27.90 | 32.30 | OK | |
r-devel-linux-x86_64-fedora-clang | 1.0.2 | 58.94 | NOTE | |||
r-devel-linux-x86_64-fedora-gcc | 1.0.2 | 50.12 | NOTE | |||
r-devel-windows-ix86+x86_64 | 1.0.2 | 27.00 | 75.00 | 102.00 | OK | |
r-patched-linux-x86_64 | 1.0.2 | 5.49 | 36.34 | 41.83 | OK | |
r-patched-solaris-x86 | 1.0.2 | 78.00 | OK | |||
r-release-linux-x86_64 | 1.0.2 | 6.42 | 36.97 | 43.39 | OK | |
r-release-osx-x86_64 | 1.0.2 | OK | ||||
r-release-windows-ix86+x86_64 | 1.0.2 | 19.00 | 83.00 | 102.00 | OK | |
r-oldrel-osx-x86_64 | 1.0.2 | OK | ||||
r-oldrel-windows-ix86+x86_64 | 1.0.2 | 31.00 | 104.00 | 135.00 | OK |
Version: 1.0.2
Check: compiled code
Result: NOTE
File ‘GWEX/libs/GWEX.so’:
Found no calls to: ‘R_registerRoutines’, ‘R_useDynamicSymbols’
It is good practice to register native routines and to disable symbol
search.
See ‘Writing portable packages’ in the ‘Writing R Extensions’ manual.
Flavors: r-devel-linux-x86_64-fedora-clang, r-devel-linux-x86_64-fedora-gcc