CRAN Package Check Results for Package GeNetIt

Last updated on 2020-07-02 02:09:49 CEST.

Flavor Version Tinstall Tcheck Ttotal Status Flags
r-devel-linux-x86_64-debian-clang 0.1-4 4.76 39.55 44.31 OK
r-devel-linux-x86_64-debian-gcc 0.1-4 4.21 30.95 35.16 OK
r-devel-linux-x86_64-fedora-clang 0.1-4 65.33 NOTE
r-devel-linux-x86_64-fedora-gcc 0.1-4 55.47 NOTE
r-devel-windows-ix86+x86_64 0.1-4 14.00 54.00 68.00 OK
r-patched-linux-x86_64 0.1-4 4.72 38.46 43.18 OK
r-patched-solaris-x86 0.1-4 82.50 NOTE
r-release-linux-x86_64 0.1-4 4.89 39.01 43.90 OK
r-release-osx-x86_64 0.1-4 NOTE
r-release-windows-ix86+x86_64 0.1-4 9.00 55.00 64.00 OK
r-oldrel-osx-x86_64 0.1-4 NOTE
r-oldrel-windows-ix86+x86_64 0.1-4 31.00 66.00 97.00 OK

Check Details

Version: 0.1-4
Check: dependencies in R code
Result: NOTE
    Namespace in Imports field not imported from: ‘rgeos’
     All declared Imports should be used.
Flavors: r-devel-linux-x86_64-fedora-clang, r-devel-linux-x86_64-fedora-gcc, r-patched-solaris-x86, r-release-osx-x86_64, r-oldrel-osx-x86_64