Last updated on 2020-07-02 02:09:51 CEST.
Flavor | Version | Tinstall | Tcheck | Ttotal | Status | Flags |
---|---|---|---|---|---|---|
r-devel-linux-x86_64-debian-clang | 0.3-2 | 44.84 | 184.43 | 229.27 | OK | |
r-devel-linux-x86_64-debian-gcc | 0.3-2 | 34.94 | 133.93 | 168.87 | OK | |
r-devel-linux-x86_64-fedora-clang | 0.3-2 | 281.49 | NOTE | |||
r-devel-linux-x86_64-fedora-gcc | 0.3-2 | 272.64 | OK | |||
r-devel-windows-ix86+x86_64 | 0.3-2 | 124.00 | 263.00 | 387.00 | OK | |
r-patched-linux-x86_64 | 0.3-2 | 37.41 | 177.02 | 214.43 | OK | |
r-patched-solaris-x86 | 0.3-2 | 337.80 | OK | |||
r-release-linux-x86_64 | 0.3-2 | 36.50 | 175.29 | 211.79 | OK | |
r-release-osx-x86_64 | 0.3-2 | OK | ||||
r-release-windows-ix86+x86_64 | 0.3-2 | 95.00 | 272.00 | 367.00 | OK | |
r-oldrel-osx-x86_64 | 0.3-2 | OK | ||||
r-oldrel-windows-ix86+x86_64 | 0.3-2 | 110.00 | 366.00 | 476.00 | OK |
Version: 0.3-2
Check: Rd cross-references
Result: NOTE
Undeclared package ‘fICA’ in Rd xrefs
Flavor: r-devel-linux-x86_64-fedora-clang