CRAN Package Check Results for Package IMIFA

Last updated on 2020-07-02 02:09:51 CEST.

Flavor Version Tinstall Tcheck Ttotal Status Flags
r-devel-linux-x86_64-debian-clang 2.1.3 24.04 139.15 163.19 OK
r-devel-linux-x86_64-debian-gcc 2.1.3 21.13 101.51 122.64 OK
r-devel-linux-x86_64-fedora-clang 2.1.3 202.16 NOTE
r-devel-linux-x86_64-fedora-gcc 2.1.3 198.31 OK
r-devel-windows-ix86+x86_64 2.1.3 58.00 139.00 197.00 OK
r-patched-linux-x86_64 2.1.3 24.40 136.62 161.02 OK
r-patched-solaris-x86 2.1.3 264.30 OK
r-release-linux-x86_64 2.1.3 23.36 137.00 160.36 OK
r-release-osx-x86_64 2.1.3 OK
r-release-windows-ix86+x86_64 2.1.3 40.00 131.00 171.00 OK
r-oldrel-osx-x86_64 2.1.3 ERROR
r-oldrel-windows-ix86+x86_64 2.1.2 29.00 136.00 165.00 OK

Check Details

Version: 2.1.3
Check: Rd cross-references
Result: NOTE
    Undeclared package ‘viridisLite’ in Rd xrefs
Flavor: r-devel-linux-x86_64-fedora-clang

Version: 2.1.3
Check: whether package can be installed
Result: ERROR
    Installation failed.
Flavor: r-oldrel-osx-x86_64