Last updated on 2020-07-02 02:09:52 CEST.
Flavor | Version | Tinstall | Tcheck | Ttotal | Status | Flags |
---|---|---|---|---|---|---|
r-devel-linux-x86_64-debian-clang | 0.1.0 | 2.27 | 18.07 | 20.34 | OK | |
r-devel-linux-x86_64-debian-gcc | 0.1.0 | 1.74 | 14.12 | 15.86 | OK | |
r-devel-linux-x86_64-fedora-clang | 0.1.0 | 32.88 | NOTE | |||
r-devel-linux-x86_64-fedora-gcc | 0.1.0 | 23.07 | NOTE | |||
r-devel-windows-ix86+x86_64 | 0.1.0 | 13.00 | 33.00 | 46.00 | OK | |
r-patched-linux-x86_64 | 0.1.0 | 2.05 | 17.72 | 19.77 | OK | |
r-patched-solaris-x86 | 0.1.0 | 39.90 | NOTE | |||
r-release-linux-x86_64 | 0.1.0 | 2.03 | 17.64 | 19.67 | OK | |
r-release-osx-x86_64 | 0.1.0 | NOTE | ||||
r-release-windows-ix86+x86_64 | 0.1.0 | 9.00 | 30.00 | 39.00 | OK | |
r-oldrel-osx-x86_64 | 0.1.0 | NOTE | ||||
r-oldrel-windows-ix86+x86_64 | 0.1.0 | 6.00 | 65.00 | 71.00 | OK |
Version: 0.1.0
Check: dependencies in R code
Result: NOTE
Namespaces in Imports field not imported from:
‘FNN’ ‘caret’ ‘datasets’ ‘dplyr’ ‘e1071’ ‘psycho’ ‘rhandsontable’
‘shiny’
All declared Imports should be used.
Flavors: r-devel-linux-x86_64-fedora-clang, r-devel-linux-x86_64-fedora-gcc, r-patched-solaris-x86, r-release-osx-x86_64, r-oldrel-osx-x86_64