CRAN Package Check Results for Package KraljicMatrix

Last updated on 2020-07-02 02:09:52 CEST.

Flavor Version Tinstall Tcheck Ttotal Status Flags
r-devel-linux-x86_64-debian-clang 0.2.1 4.36 49.99 54.35 OK
r-devel-linux-x86_64-debian-gcc 0.2.1 3.69 37.52 41.21 OK
r-devel-linux-x86_64-fedora-clang 0.2.1 71.79 NOTE
r-devel-linux-x86_64-fedora-gcc 0.2.1 64.64 NOTE
r-devel-windows-ix86+x86_64 0.2.1 17.00 68.00 85.00 OK
r-patched-linux-x86_64 0.2.1 4.34 48.50 52.84 OK
r-patched-solaris-x86 0.2.1 91.80 NOTE
r-release-linux-x86_64 0.2.1 5.09 47.70 52.79 OK
r-release-osx-x86_64 0.2.1 NOTE
r-release-windows-ix86+x86_64 0.2.1 14.00 61.00 75.00 OK
r-oldrel-osx-x86_64 0.2.1 NOTE
r-oldrel-windows-ix86+x86_64 0.2.1 18.00 111.00 129.00 OK

Check Details

Version: 0.2.1
Check: dependencies in R code
Result: NOTE
    Namespaces in Imports field not imported from:
     ‘dplyr’ ‘tibble’
     All declared Imports should be used.
Flavors: r-devel-linux-x86_64-fedora-clang, r-devel-linux-x86_64-fedora-gcc, r-patched-solaris-x86, r-release-osx-x86_64, r-oldrel-osx-x86_64