CRAN Package Check Results for Package LDOD

Last updated on 2020-07-02 02:09:52 CEST.

Flavor Version Tinstall Tcheck Ttotal Status Flags
r-devel-linux-x86_64-debian-clang 1.0 6.16 78.54 84.70 NOTE
r-devel-linux-x86_64-debian-gcc 1.0 4.67 57.68 62.35 NOTE
r-devel-linux-x86_64-fedora-clang 1.0 104.51 NOTE
r-devel-linux-x86_64-fedora-gcc 1.0 102.26 NOTE
r-devel-windows-ix86+x86_64 1.0 18.00 109.00 127.00 NOTE
r-patched-linux-x86_64 1.0 6.30 77.89 84.19 NOTE
r-patched-solaris-x86 1.0 122.10 NOTE
r-release-linux-x86_64 1.0 5.96 76.52 82.48 NOTE
r-release-osx-x86_64 1.0 NOTE
r-release-windows-ix86+x86_64 1.0 12.00 79.00 91.00 NOTE
r-oldrel-osx-x86_64 1.0 NOTE
r-oldrel-windows-ix86+x86_64 1.0 10.00 110.00 120.00 NOTE

Check Details

Version: 1.0
Check: DESCRIPTION meta-information
Result: NOTE
    Malformed Title field: should not end in a period.
Flavors: r-devel-linux-x86_64-debian-clang, r-devel-linux-x86_64-debian-gcc, r-devel-linux-x86_64-fedora-clang, r-devel-linux-x86_64-fedora-gcc, r-devel-windows-ix86+x86_64, r-patched-linux-x86_64, r-patched-solaris-x86, r-release-linux-x86_64, r-release-osx-x86_64, r-release-windows-ix86+x86_64, r-oldrel-osx-x86_64, r-oldrel-windows-ix86+x86_64

Version: 1.0
Check: top-level files
Result: NOTE
    Non-standard file/directory found at top level:
     'LDOD.Rproj'
Flavors: r-devel-linux-x86_64-debian-clang, r-devel-linux-x86_64-debian-gcc, r-devel-linux-x86_64-fedora-clang, r-devel-linux-x86_64-fedora-gcc, r-patched-linux-x86_64, r-release-linux-x86_64

Version: 1.0
Check: R code for possible problems
Result: NOTE
    multistart : <anonymous>: no visible global function definition for
     'runif'
    plot.FreD.x: no visible global function definition for 'modifyList'
    plot.FreD.x: no visible global function definition for 'abline'
    plot.FreD.x: no visible global function definition for 'points'
    Undefined global functions or variables:
     abline modifyList points runif
    Consider adding
     importFrom("graphics", "abline", "points")
     importFrom("stats", "runif")
     importFrom("utils", "modifyList")
    to your NAMESPACE file.
Flavors: r-devel-linux-x86_64-debian-clang, r-devel-linux-x86_64-debian-gcc, r-devel-linux-x86_64-fedora-clang, r-devel-linux-x86_64-fedora-gcc, r-devel-windows-ix86+x86_64, r-patched-linux-x86_64, r-patched-solaris-x86, r-release-linux-x86_64, r-release-osx-x86_64, r-release-windows-ix86+x86_64, r-oldrel-osx-x86_64, r-oldrel-windows-ix86+x86_64