Last updated on 2020-07-02 02:09:53 CEST.
Flavor | Version | Tinstall | Tcheck | Ttotal | Status | Flags |
---|---|---|---|---|---|---|
r-devel-linux-x86_64-debian-clang | 1.0-2 | 11.40 | 107.15 | 118.55 | OK | |
r-devel-linux-x86_64-debian-gcc | 1.0-2 | 10.90 | 81.23 | 92.13 | OK | |
r-devel-linux-x86_64-fedora-clang | 1.0-2 | 151.59 | NOTE | |||
r-devel-linux-x86_64-fedora-gcc | 1.0-2 | 146.02 | NOTE | |||
r-devel-windows-ix86+x86_64 | 1.0-2 | 43.00 | 129.00 | 172.00 | OK | |
r-patched-linux-x86_64 | 1.0-2 | 8.78 | 103.36 | 112.14 | OK | |
r-patched-solaris-x86 | 1.0-2 | 210.70 | NOTE | |||
r-release-linux-x86_64 | 1.0-2 | 8.02 | 103.94 | 111.96 | OK | |
r-release-osx-x86_64 | 1.0-2 | NOTE | ||||
r-release-windows-ix86+x86_64 | 1.0-2 | 28.00 | 124.00 | 152.00 | OK | |
r-oldrel-osx-x86_64 | 1.0-2 | NOTE | ||||
r-oldrel-windows-ix86+x86_64 | 1.0-2 | 34.00 | 197.00 | 231.00 | OK |
Version: 1.0-2
Check: data for non-ASCII characters
Result: NOTE
Note: found 55 marked UTF-8 strings
Flavors: r-devel-linux-x86_64-fedora-clang, r-devel-linux-x86_64-fedora-gcc, r-patched-solaris-x86, r-release-osx-x86_64, r-oldrel-osx-x86_64