CRAN Package Check Results for Package LiblineaR

Last updated on 2020-07-02 02:09:53 CEST.

Flavor Version Tinstall Tcheck Ttotal Status Flags
r-devel-linux-x86_64-debian-clang 2.10-8 6.20 31.53 37.73 OK
r-devel-linux-x86_64-debian-gcc 2.10-8 4.56 26.16 30.72 OK
r-devel-linux-x86_64-fedora-clang 2.10-8 55.48 NOTE
r-devel-linux-x86_64-fedora-gcc 2.10-8 47.53 NOTE
r-devel-windows-ix86+x86_64 2.10-8 20.00 67.00 87.00 OK
r-patched-linux-x86_64 2.10-8 5.39 33.56 38.95 OK
r-patched-solaris-x86 2.10-8 89.60 OK
r-release-linux-x86_64 2.10-8 5.32 33.18 38.50 OK
r-release-osx-x86_64 2.10-8 OK
r-release-windows-ix86+x86_64 2.10-8 17.00 66.00 83.00 OK
r-oldrel-osx-x86_64 2.10-8 OK
r-oldrel-windows-ix86+x86_64 2.10-8 15.00 85.00 100.00 OK

Check Details

Version: 2.10-8
Check: compiled code
Result: NOTE
    File ‘LiblineaR/libs/LiblineaR.so’:
     Found no calls to: ‘R_registerRoutines’, ‘R_useDynamicSymbols’
    
    It is good practice to register native routines and to disable symbol
    search.
    
    See ‘Writing portable packages’ in the ‘Writing R Extensions’ manual.
Flavors: r-devel-linux-x86_64-fedora-clang, r-devel-linux-x86_64-fedora-gcc