Last updated on 2020-07-02 02:09:53 CEST.
Flavor | Version | Tinstall | Tcheck | Ttotal | Status | Flags |
---|---|---|---|---|---|---|
r-devel-linux-x86_64-debian-clang | 1.0 | 3.22 | 27.50 | 30.72 | NOTE | |
r-devel-linux-x86_64-debian-gcc | 1.0 | 2.25 | 21.08 | 23.33 | NOTE | |
r-devel-linux-x86_64-fedora-clang | 1.0 | 45.57 | NOTE | |||
r-devel-linux-x86_64-fedora-gcc | 1.0 | 36.12 | NOTE | |||
r-devel-windows-ix86+x86_64 | 1.0 | 10.00 | 42.00 | 52.00 | OK | |
r-patched-linux-x86_64 | 1.0 | 2.78 | 27.38 | 30.16 | NOTE | |
r-patched-solaris-x86 | 1.0 | 54.60 | NOTE | |||
r-release-linux-x86_64 | 1.0 | 2.89 | 27.35 | 30.24 | NOTE | |
r-release-osx-x86_64 | 1.0 | OK | ||||
r-release-windows-ix86+x86_64 | 1.0 | 6.00 | 42.00 | 48.00 | OK | |
r-oldrel-osx-x86_64 | 1.0 | NOTE | ||||
r-oldrel-windows-ix86+x86_64 | 1.0 | 5.00 | 53.00 | 58.00 | OK |
Version: 1.0
Check: package dependencies
Result: NOTE
Packages suggested but not available for checking:
'gWidgets', 'gWidgetsRGtk2'
Flavors: r-devel-linux-x86_64-debian-clang, r-devel-linux-x86_64-debian-gcc, r-devel-linux-x86_64-fedora-clang, r-devel-linux-x86_64-fedora-gcc, r-patched-linux-x86_64, r-patched-solaris-x86, r-release-linux-x86_64
Version: 1.0
Check: package dependencies
Result: NOTE
Packages suggested but not available for checking: 'gWidgetsRGtk2', 'RGtk2'
Flavor: r-oldrel-osx-x86_64