CRAN Package Check Results for Package MCPModPack

Last updated on 2020-07-02 02:09:53 CEST.

Flavor Version Tinstall Tcheck Ttotal Status Flags
r-devel-linux-x86_64-debian-clang 0.2 40.98 72.51 113.49 OK
r-devel-linux-x86_64-debian-gcc 0.2 38.27 51.22 89.49 OK
r-devel-linux-x86_64-fedora-clang 0.2 157.14 NOTE
r-devel-linux-x86_64-fedora-gcc 0.2 152.10 OK
r-devel-windows-ix86+x86_64 0.2 120.00 151.00 271.00 OK
r-patched-linux-x86_64 0.2 44.08 72.49 116.57 OK
r-patched-solaris-x86 0.2 172.20 OK
r-release-linux-x86_64 0.2 40.54 69.21 109.75 OK
r-release-osx-x86_64 0.2 NOTE
r-release-windows-ix86+x86_64 0.2 75.00 132.00 207.00 OK
r-oldrel-osx-x86_64 0.2 NOTE
r-oldrel-windows-ix86+x86_64 0.2 104.00 166.00 270.00 OK

Check Details

Version: 0.2
Check: installed package size
Result: NOTE
     installed size is 5.9Mb
     sub-directories of 1Mb or more:
     libs 5.4Mb
Flavors: r-devel-linux-x86_64-fedora-clang, r-release-osx-x86_64, r-oldrel-osx-x86_64