Last updated on 2020-07-02 02:09:54 CEST.
Flavor | Version | Tinstall | Tcheck | Ttotal | Status | Flags |
---|---|---|---|---|---|---|
r-devel-linux-x86_64-debian-clang | 1.3-5 | 11.77 | 272.99 | 284.76 | OK | |
r-devel-linux-x86_64-debian-gcc | 1.3-5 | 10.45 | 208.51 | 218.96 | OK | |
r-devel-linux-x86_64-fedora-clang | 1.3-5 | 345.09 | NOTE | |||
r-devel-linux-x86_64-fedora-gcc | 1.3-5 | 353.41 | OK | |||
r-devel-windows-ix86+x86_64 | 1.3-5 | 32.00 | 499.00 | 531.00 | OK | |
r-patched-linux-x86_64 | 1.3-5 | 12.56 | 270.03 | 282.59 | OK | |
r-patched-solaris-x86 | 1.3-5 | 692.60 | OK | |||
r-release-linux-x86_64 | 1.3-5 | 11.53 | 271.71 | 283.24 | OK | |
r-release-osx-x86_64 | 1.3-5 | OK | ||||
r-release-windows-ix86+x86_64 | 1.3-5 | 23.00 | 462.00 | 485.00 | OK | |
r-oldrel-osx-x86_64 | 1.3-5 | OK | ||||
r-oldrel-windows-ix86+x86_64 | 1.3-5 | 37.00 | 603.00 | 640.00 | OK |
Version: 1.3-5
Check: Rd cross-references
Result: NOTE
Undeclared package ‘refund’ in Rd xrefs
Flavor: r-devel-linux-x86_64-fedora-clang