CRAN Package Check Results for Package MHMM

Last updated on 2020-07-02 02:09:54 CEST.

Flavor Version Tinstall Tcheck Ttotal Status Flags
r-devel-linux-x86_64-debian-clang 1.0.0 71.10 55.77 126.87 OK
r-devel-linux-x86_64-debian-gcc 1.0.0 55.42 41.27 96.69 OK
r-devel-linux-x86_64-fedora-clang 1.0.0 178.06 NOTE
r-devel-linux-x86_64-fedora-gcc 1.0.0 168.21 OK
r-devel-windows-ix86+x86_64 1.0.0 210.00 120.00 330.00 OK
r-patched-linux-x86_64 1.0.0 57.08 53.72 110.80 OK
r-patched-solaris-x86 1.0.0 172.10 OK
r-release-linux-x86_64 1.0.0 57.98 54.50 112.48 OK
r-release-osx-x86_64 1.0.0 NOTE
r-release-windows-ix86+x86_64 1.0.0 153.00 117.00 270.00 OK
r-oldrel-osx-x86_64 1.0.0 NOTE
r-oldrel-windows-ix86+x86_64 1.0.0 153.00 156.00 309.00 OK

Additional issues

clang-UBSAN

Check Details

Version: 1.0.0
Check: installed package size
Result: NOTE
     installed size is 5.4Mb
     sub-directories of 1Mb or more:
     libs 5.2Mb
Flavors: r-devel-linux-x86_64-fedora-clang, r-release-osx-x86_64, r-oldrel-osx-x86_64