CRAN Package Check Results for Package MplusAutomation

Last updated on 2020-07-02 02:09:54 CEST.

Flavor Version Tinstall Tcheck Ttotal Status Flags
r-devel-linux-x86_64-debian-clang 0.7-3 37.78 106.23 144.01 OK
r-devel-linux-x86_64-debian-gcc 0.7-3 34.12 79.41 113.53 OK
r-devel-linux-x86_64-fedora-clang 0.7-3 185.01 OK
r-devel-linux-x86_64-fedora-gcc 0.7-3 183.23 OK
r-devel-windows-ix86+x86_64 0.7-3 75.00 120.00 195.00 OK
r-patched-linux-x86_64 0.7-3 35.91 103.00 138.91 OK
r-patched-solaris-x86 0.7-3 219.40 OK
r-release-linux-x86_64 0.7-3 37.46 103.18 140.64 OK
r-release-osx-x86_64 0.7-3 OK
r-release-windows-ix86+x86_64 0.7-3 54.00 124.00 178.00 OK
r-oldrel-osx-x86_64 0.7-3 FAIL
r-oldrel-windows-ix86+x86_64 0.7-3 62.00 157.00 219.00 OK

Check Details

Version: 0.7-3
Check: package dependencies
Result: NOTE
    Package suggested but not available for checking: ‘rhdf5’
Flavor: r-oldrel-osx-x86_64

Version: 0.7-3
Check: dependencies in R code
Result: FAIL
Flavor: r-oldrel-osx-x86_64