CRAN Package Check Results for Package MrSGUIDE

Last updated on 2020-07-02 02:09:55 CEST.

Flavor Version Tinstall Tcheck Ttotal Status Flags
r-devel-linux-x86_64-debian-clang 0.1.1 141.36 76.50 217.86 OK
r-devel-linux-x86_64-debian-gcc 0.1.1 109.18 53.93 163.11 OK
r-devel-linux-x86_64-fedora-clang 0.1.1 312.52 NOTE
r-devel-linux-x86_64-fedora-gcc 0.1.1 289.43 OK
r-devel-windows-ix86+x86_64 0.1.1 373.00 111.00 484.00 NOTE
r-patched-linux-x86_64 0.1.1 109.64 75.22 184.86 OK
r-patched-solaris-x86 0.1.1 201.60 WARN
r-release-linux-x86_64 0.1.1 109.12 75.42 184.54 OK
r-release-osx-x86_64 0.1.1 NOTE
r-release-windows-ix86+x86_64 0.1.1 293.00 101.00 394.00 NOTE
r-oldrel-osx-x86_64 0.1.1 WARN
r-oldrel-windows-ix86+x86_64 0.1.1 284.00 163.00 447.00 OK

Check Details

Version: 0.1.1
Check: installed package size
Result: NOTE
     installed size is 9.4Mb
     sub-directories of 1Mb or more:
     doc 1.9Mb
     libs 7.2Mb
Flavors: r-devel-linux-x86_64-fedora-clang, r-devel-windows-ix86+x86_64, r-release-osx-x86_64, r-release-windows-ix86+x86_64, r-oldrel-osx-x86_64

Version: 0.1.1
Check: re-building of vignette outputs
Result: WARN
    Error(s) in re-building vignettes:
     ...
    --- re-building ‘UsageOfMrSGUIDE.Rmd’ using rmarkdown
    Warning in engine$weave(file, quiet = quiet, encoding = enc) :
     Pandoc (>= 1.12.3) and/or pandoc-citeproc not available. Falling back to R Markdown v1.
    Quitting from lines 119-120 (UsageOfMrSGUIDE.Rmd)
    Error: processing vignette 'UsageOfMrSGUIDE.Rmd' failed with diagnostics:
    there is no package called 'webshot'
    --- failed re-building ‘UsageOfMrSGUIDE.Rmd’
    
    SUMMARY: processing the following file failed:
     ‘UsageOfMrSGUIDE.Rmd’
    
    Error: Vignette re-building failed.
    Execution halted
Flavor: r-patched-solaris-x86

Version: 0.1.1
Check: re-building of vignette outputs
Result: WARN
    Error(s) in re-building vignettes:
     ...
    --- re-building ‘UsageOfMrSGUIDE.Rmd’ using rmarkdown
    Warning in engine$weave(file, quiet = quiet, encoding = enc) :
     Pandoc (>= 1.12.3) and/or pandoc-citeproc not available. Falling back to R Markdown v1.
    Quitting from lines 119-120 (UsageOfMrSGUIDE.Rmd)
    Error: processing vignette 'UsageOfMrSGUIDE.Rmd' failed with diagnostics:
    cannot open the connection
    --- failed re-building ‘UsageOfMrSGUIDE.Rmd’
    
    SUMMARY: processing the following file failed:
     ‘UsageOfMrSGUIDE.Rmd’
    
    Error: Vignette re-building failed.
    Execution halted
Flavor: r-oldrel-osx-x86_64