CRAN Package Check Results for Package MuMIn

Last updated on 2020-07-02 02:09:55 CEST.

Flavor Version Tinstall Tcheck Ttotal Status Flags
r-devel-linux-x86_64-debian-clang 1.43.17 17.98 156.20 174.18 OK
r-devel-linux-x86_64-debian-gcc 1.43.17 14.85 116.54 131.39 OK
r-devel-linux-x86_64-fedora-clang 1.43.17 224.30 NOTE
r-devel-linux-x86_64-fedora-gcc 1.43.17 211.00 OK
r-devel-windows-ix86+x86_64 1.43.17 37.00 156.00 193.00 OK
r-patched-linux-x86_64 1.43.17 17.31 151.40 168.71 OK
r-patched-solaris-x86 1.43.17 306.50 OK
r-release-linux-x86_64 1.43.17 16.42 150.65 167.07 OK
r-release-osx-x86_64 1.43.17 OK
r-release-windows-ix86+x86_64 1.43.17 27.00 155.00 182.00 OK
r-oldrel-osx-x86_64 1.43.17 OK
r-oldrel-windows-ix86+x86_64 1.43.17 27.00 198.00 225.00 OK

Check Details

Version: 1.43.17
Check: Rd cross-references
Result: NOTE
    Undeclared packages ‘AICcmodavg’, ‘bbmle’, ‘glmulti’, ‘arm’, ‘wgeesel’, ‘ape’, ‘bestglm’, ‘leaps’, ‘glmmTMB’, ‘brglm’, ‘quantreg’, ‘maxlike’, ‘RMark’ in Rd xrefs
Flavor: r-devel-linux-x86_64-fedora-clang