Last updated on 2020-07-02 02:09:55 CEST.
Flavor | Version | Tinstall | Tcheck | Ttotal | Status | Flags |
---|---|---|---|---|---|---|
r-devel-linux-x86_64-debian-clang | 1.0.0 | 6.44 | 80.05 | 86.49 | OK | |
r-devel-linux-x86_64-debian-gcc | 1.0.0 | 4.79 | 58.42 | 63.21 | OK | |
r-devel-linux-x86_64-fedora-clang | 1.0.0 | 110.71 | NOTE | |||
r-devel-linux-x86_64-fedora-gcc | 1.0.0 | 105.35 | NOTE | |||
r-devel-windows-ix86+x86_64 | 1.0.0 | 16.00 | 125.00 | 141.00 | OK | |
r-patched-linux-x86_64 | 1.0.0 | 5.28 | 82.47 | 87.75 | OK | |
r-patched-solaris-x86 | 1.0.0 | 132.50 | NOTE | |||
r-release-linux-x86_64 | 1.0.0 | 4.89 | 81.75 | 86.64 | OK | |
r-release-osx-x86_64 | 1.0.0 | NOTE | ||||
r-release-windows-ix86+x86_64 | 1.0.0 | 16.00 | 121.00 | 137.00 | OK | |
r-oldrel-osx-x86_64 | 1.0.0 | NOTE | ||||
r-oldrel-windows-ix86+x86_64 | 1.0.0 | 10.00 | 93.00 | 103.00 | OK |
Version: 1.0.0
Check: package dependencies
Result: NOTE
Package suggested but not available for checking: ‘DEXSeq’
Flavors: r-devel-linux-x86_64-fedora-clang, r-devel-linux-x86_64-fedora-gcc, r-patched-solaris-x86, r-release-osx-x86_64, r-oldrel-osx-x86_64
Version: 1.0.0
Check: Rd cross-references
Result: NOTE
Package unavailable to check Rd xrefs: ‘DEXSeq’
Flavors: r-devel-linux-x86_64-fedora-clang, r-devel-linux-x86_64-fedora-gcc, r-patched-solaris-x86, r-release-osx-x86_64, r-oldrel-osx-x86_64