CRAN Package Check Results for Package NFP

Last updated on 2020-07-02 02:09:55 CEST.

Flavor Version Tinstall Tcheck Ttotal Status Flags
r-devel-linux-x86_64-debian-clang 0.99.3 43.37 201.96 245.33 NOTE
r-devel-linux-x86_64-debian-gcc 0.99.3 39.24 157.30 196.54 NOTE
r-devel-linux-x86_64-fedora-clang 0.99.3 331.98 NOTE
r-devel-linux-x86_64-fedora-gcc 0.99.3 321.35 NOTE
r-devel-windows-ix86+x86_64 0.99.3 89.00 206.00 295.00 NOTE
r-patched-linux-x86_64 0.99.3 42.16 199.00 241.16 NOTE
r-patched-solaris-x86 0.99.3 531.30 NOTE
r-release-linux-x86_64 0.99.3 41.29 197.69 238.98 NOTE
r-release-osx-x86_64 0.99.3 ERROR
r-release-windows-ix86+x86_64 0.99.3 67.00 202.00 269.00 NOTE
r-oldrel-osx-x86_64 0.99.3 WARN
r-oldrel-windows-ix86+x86_64 0.99.3 76.00 286.00 362.00 NOTE

Check Details

Version: 0.99.3
Check: package dependencies
Result: NOTE
    Package suggested but not available for checking: 'NFPdata'
Flavors: r-devel-linux-x86_64-debian-clang, r-devel-linux-x86_64-debian-gcc, r-devel-linux-x86_64-fedora-clang, r-devel-linux-x86_64-fedora-gcc, r-devel-windows-ix86+x86_64, r-patched-linux-x86_64, r-patched-solaris-x86, r-release-linux-x86_64, r-release-windows-ix86+x86_64, r-oldrel-osx-x86_64, r-oldrel-windows-ix86+x86_64

Version: 0.99.3
Check: installed package size
Result: NOTE
     installed size is 8.0Mb
     sub-directories of 1Mb or more:
     data 7.6Mb
Flavors: r-devel-linux-x86_64-fedora-clang, r-devel-windows-ix86+x86_64, r-patched-solaris-x86, r-release-windows-ix86+x86_64, r-oldrel-osx-x86_64, r-oldrel-windows-ix86+x86_64

Version: 0.99.3
Check: package dependencies
Result: ERROR
    Package required but not available: ‘KEGGgraph’
    
    Package suggested but not available for checking: ‘NFPdata’
    
    See section ‘The DESCRIPTION file’ in the ‘Writing R Extensions’
    manual.
Flavor: r-release-osx-x86_64

Version: 0.99.3
Check: re-building of vignette outputs
Result: WARN
    Error(s) in re-building vignettes:
    --- re-building ‘NFP.Rmd’ using rmarkdown
    Warning in engine$weave(file, quiet = quiet, encoding = enc) :
     Pandoc (>= 1.12.3) and/or pandoc-citeproc not available. Falling back to R Markdown v1.
    Loading required package: graph
    Loading required package: BiocGenerics
    Loading required package: parallel
    
    Attaching package: 'BiocGenerics'
    
    The following objects are masked from 'package:parallel':
    
     clusterApply, clusterApplyLB, clusterCall, clusterEvalQ,
     clusterExport, clusterMap, parApply, parCapply, parLapply,
     parLapplyLB, parRapply, parSapply, parSapplyLB
    
    The following objects are masked from 'package:stats':
    
     IQR, mad, sd, var, xtabs
    
    The following objects are masked from 'package:base':
    
     Filter, Find, Map, Position, Reduce, anyDuplicated, append,
     as.data.frame, basename, cbind, colnames, dirname, do.call,
     duplicated, eval, evalq, get, grep, grepl, intersect,
     is.unsorted, lapply, mapply, match, mget, order, paste, pmax,
     pmax.int, pmin, pmin.int, rank, rbind, rownames, sapply,
     setdiff, sort, table, tapply, union, unique, unsplit, which,
     which.max, which.min
    
    Loading required package: graphite
    Quitting from lines 135-143 (NFP.Rmd)
    Error: processing vignette 'NFP.Rmd' failed with diagnostics:
    error creating directory: /Users/urbanek/Library/Caches/graphite-bioc/12
    --- failed re-building ‘NFP.Rmd’
    
    SUMMARY: processing the following file failed:
     ‘NFP.Rmd’
    
    Error: Vignette re-building failed.
    Execution halted
Flavor: r-oldrel-osx-x86_64