CRAN Package Check Results for Package NLP

Last updated on 2020-07-02 02:09:55 CEST.

Flavor Version Tinstall Tcheck Ttotal Status Flags
r-devel-linux-x86_64-debian-clang 0.2-0 4.82 31.33 36.15 NOTE
r-devel-linux-x86_64-debian-gcc 0.2-0 3.87 24.23 28.10 NOTE
r-devel-linux-x86_64-fedora-clang 0.2-0 51.05 NOTE
r-devel-linux-x86_64-fedora-gcc 0.2-0 44.07 NOTE
r-devel-windows-ix86+x86_64 0.2-0 10.00 43.00 53.00 NOTE
r-patched-linux-x86_64 0.2-0 4.18 30.96 35.14 NOTE
r-patched-solaris-x86 0.2-0 59.80 NOTE
r-release-linux-x86_64 0.2-0 4.67 30.82 35.49 NOTE
r-release-osx-x86_64 0.2-0 NOTE
r-release-windows-ix86+x86_64 0.2-0 7.00 40.00 47.00 NOTE
r-oldrel-osx-x86_64 0.2-0 OK
r-oldrel-windows-ix86+x86_64 0.2-0 9.00 53.00 62.00 OK

Check Details

Version: 0.2-0
Check: dependencies in R code
Result: NOTE
    Missing or unexported object: 'cleanNLP::cnlp_get_token'
Flavors: r-devel-linux-x86_64-debian-clang, r-devel-linux-x86_64-debian-gcc, r-devel-linux-x86_64-fedora-clang, r-devel-linux-x86_64-fedora-gcc, r-devel-windows-ix86+x86_64, r-patched-linux-x86_64, r-patched-solaris-x86, r-release-linux-x86_64, r-release-osx-x86_64, r-release-windows-ix86+x86_64

Version: 0.2-0
Check: Rd cross-references
Result: NOTE
    Undeclared package ‘tm’ in Rd xrefs
Flavor: r-devel-linux-x86_64-fedora-clang