CRAN Package Check Results for Package NetMix

Last updated on 2020-07-02 02:09:55 CEST.

Flavor Version Tinstall Tcheck Ttotal Status Flags
r-devel-linux-x86_64-debian-clang 0.1.5 76.78 97.66 174.44 OK
r-devel-linux-x86_64-debian-gcc 0.1.5 57.85 72.75 130.60 OK
r-devel-linux-x86_64-fedora-clang 0.1.5 229.27 NOTE
r-devel-linux-x86_64-fedora-gcc 0.1.5 217.31 NOTE
r-devel-windows-ix86+x86_64 0.1.5 203.00 196.00 399.00 OK
r-patched-linux-x86_64 0.1.5 62.00 96.47 158.47 OK
r-patched-solaris-x86 0.1.5 264.50 NOTE
r-release-linux-x86_64 0.1.5 59.85 96.60 156.45 OK
r-release-osx-x86_64 0.1.5 NOTE
r-release-windows-ix86+x86_64 0.1.5 139.00 202.00 341.00 OK
r-oldrel-osx-x86_64 0.1.5 NOTE
r-oldrel-windows-ix86+x86_64 0.1.5 144.00 245.00 389.00 OK

Check Details

Version: 0.1.5
Check: dependencies in R code
Result: NOTE
    Namespace in Imports field not imported from: ‘clue’
     All declared Imports should be used.
Flavors: r-devel-linux-x86_64-fedora-clang, r-devel-linux-x86_64-fedora-gcc, r-patched-solaris-x86, r-release-osx-x86_64, r-oldrel-osx-x86_64