CRAN Package Check Results for Package OceanView

Last updated on 2020-07-02 02:09:55 CEST.

Flavor Version Tinstall Tcheck Ttotal Status Flags
r-devel-linux-x86_64-debian-clang 1.0.5 9.44 101.43 110.87 OK
r-devel-linux-x86_64-debian-gcc 1.0.5 8.13 78.12 86.25 OK
r-devel-linux-x86_64-fedora-clang 1.0.5 145.24 OK
r-devel-linux-x86_64-fedora-gcc 1.0.5 140.20 OK
r-devel-windows-ix86+x86_64 1.0.5 31.00 154.00 185.00 OK
r-patched-linux-x86_64 1.0.5 10.35 100.32 110.67 OK
r-patched-solaris-x86 1.0.5 166.20 OK
r-release-linux-x86_64 1.0.5 9.97 99.30 109.27 OK
r-release-osx-x86_64 1.0.5 OK
r-release-windows-ix86+x86_64 1.0.5 22.00 149.00 171.00 OK
r-oldrel-osx-x86_64 1.0.5 WARN
r-oldrel-windows-ix86+x86_64 1.0.5 33.00 245.00 278.00 OK

Check Details

Version: 1.0.5
Check: whether package can be installed
Result: WARN
    Found the following significant warnings:
     Warning: 'rgl_init' failed, running with rgl.useNULL = TRUE
Flavor: r-oldrel-osx-x86_64

Version: 1.0.5
Check: dependencies in R code
Result: NOTE
    No protocol specified
Flavor: r-oldrel-osx-x86_64

Version: 1.0.5
Check: S3 generic/method consistency
Result: WARN
    No protocol specified
    See section ‘Generic functions and methods’ in the ‘Writing R
    Extensions’ manual.
Flavor: r-oldrel-osx-x86_64

Version: 1.0.5
Check: replacement functions
Result: WARN
    No protocol specified
    The argument of a replacement function which corresponds to the right
    hand side must be named ‘value’.
Flavor: r-oldrel-osx-x86_64

Version: 1.0.5
Check: foreign function calls
Result: NOTE
    No protocol specified
    See chapter ‘System and foreign language interfaces’ in the ‘Writing R
    Extensions’ manual.
Flavor: r-oldrel-osx-x86_64

Version: 1.0.5
Check: R code for possible problems
Result: NOTE
    No protocol specified
Flavor: r-oldrel-osx-x86_64

Version: 1.0.5
Check: for missing documentation entries
Result: WARN
    No protocol specified
    All user-level objects in a package should have documentation entries.
    See chapter ‘Writing R documentation files’ in the ‘Writing R
    Extensions’ manual.
Flavor: r-oldrel-osx-x86_64

Version: 1.0.5
Check: for code/documentation mismatches
Result: WARN
    No protocol specified
    No protocol specified
    No protocol specified
Flavor: r-oldrel-osx-x86_64

Version: 1.0.5
Check: Rd \usage sections
Result: NOTE
    No protocol specified
    The \usage entries for S3 methods should use the \method markup and not
    their full name.
    See chapter ‘Writing R documentation files’ in the ‘Writing R
    Extensions’ manual.
Flavor: r-oldrel-osx-x86_64