CRAN Package Check Results for Package PCRedux

Last updated on 2020-07-02 02:09:56 CEST.

Flavor Version Tinstall Tcheck Ttotal Status Flags
r-devel-linux-x86_64-debian-clang 1.0-6 15.06 167.24 182.30 OK
r-devel-linux-x86_64-debian-gcc 1.0-6 12.31 126.89 139.20 OK
r-devel-linux-x86_64-fedora-clang 1.0-6 219.14 OK
r-devel-linux-x86_64-fedora-gcc 1.0-6 209.16 OK
r-devel-windows-ix86+x86_64 1.0-6 54.00 261.00 315.00 OK
r-patched-linux-x86_64 1.0-6 14.80 161.46 176.26 OK
r-patched-solaris-x86 1.0-6 293.50 OK
r-release-linux-x86_64 1.0-6 15.41 161.74 177.15 OK
r-release-osx-x86_64 1.0-6 NOTE
r-release-windows-ix86+x86_64 1.0-6 32.00 170.00 202.00 OK
r-oldrel-osx-x86_64 1.0-6 WARN
r-oldrel-windows-ix86+x86_64 1.0-6 32.00 257.00 289.00 OK

Check Details

Version: 1.0-6
Check: package dependencies
Result: NOTE
    Package suggested but not available for checking: ‘FFTrees’
Flavor: r-release-osx-x86_64

Version: 1.0-6
Check: whether package can be installed
Result: WARN
    Found the following significant warnings:
     Warning: 'rgl.init' failed, running with 'rgl.useNULL = TRUE'.
Flavor: r-oldrel-osx-x86_64