CRAN Package Check Results for Package PLNmodels

Last updated on 2020-07-02 02:09:57 CEST.

Flavor Version Tinstall Tcheck Ttotal Status Flags
r-devel-linux-x86_64-debian-clang 0.10.6 106.85 266.80 373.65 OK
r-devel-linux-x86_64-debian-gcc 0.10.6 82.51 189.09 271.60 OK
r-devel-linux-x86_64-fedora-clang 0.10.6 462.16 NOTE
r-devel-linux-x86_64-fedora-gcc 0.10.6 447.96 OK
r-devel-windows-ix86+x86_64 0.10.6 262.00 397.00 659.00 NOTE
r-patched-linux-x86_64 0.10.6 87.21 256.20 343.41 OK
r-patched-solaris-x86 0.10.6 515.00 OK
r-release-linux-x86_64 0.10.6 87.79 258.37 346.16 OK
r-release-osx-x86_64 0.10.6 NOTE
r-release-windows-ix86+x86_64 0.10.6 188.00 385.00 573.00 NOTE
r-oldrel-osx-x86_64 0.10.6 NOTE
r-oldrel-windows-ix86+x86_64 0.10.6 192.00 515.00 707.00 OK

Check Details

Version: 0.10.6
Check: installed package size
Result: NOTE
     installed size is 10.1Mb
     sub-directories of 1Mb or more:
     doc 1.7Mb
     libs 7.5Mb
Flavors: r-devel-linux-x86_64-fedora-clang, r-devel-windows-ix86+x86_64, r-release-osx-x86_64, r-release-windows-ix86+x86_64, r-oldrel-osx-x86_64