CRAN Package Check Results for Package PPforest

Last updated on 2020-07-02 02:09:57 CEST.

Flavor Version Tinstall Tcheck Ttotal Status Flags
r-devel-linux-x86_64-debian-clang 0.1.1 48.56 79.93 128.49 OK
r-devel-linux-x86_64-debian-gcc 0.1.1 38.00 58.99 96.99 OK
r-devel-linux-x86_64-fedora-clang 0.1.1 178.59 NOTE
r-devel-linux-x86_64-fedora-gcc 0.1.1 157.11 OK
r-devel-windows-ix86+x86_64 0.1.1 123.00 143.00 266.00 OK
r-patched-linux-x86_64 0.1.1 39.56 77.36 116.92 OK
r-patched-solaris-x86 0.1.1 165.50 OK
r-release-linux-x86_64 0.1.1 43.27 78.46 121.73 OK
r-release-osx-x86_64 0.1.1 NOTE
r-release-windows-ix86+x86_64 0.1.1 85.00 141.00 226.00 OK
r-oldrel-osx-x86_64 0.1.1 NOTE
r-oldrel-windows-ix86+x86_64 0.1.1 94.00 180.00 274.00 OK

Check Details

Version: 0.1.1
Check: installed package size
Result: NOTE
     installed size is 5.7Mb
     sub-directories of 1Mb or more:
     libs 4.5Mb
Flavors: r-devel-linux-x86_64-fedora-clang, r-release-osx-x86_64, r-oldrel-osx-x86_64