CRAN Package Check Results for Package Patterns

Last updated on 2020-07-02 02:09:56 CEST.

Flavor Version Tinstall Tcheck Ttotal Status Flags
r-devel-linux-x86_64-debian-clang 1.2 14.32 136.07 150.39 OK
r-devel-linux-x86_64-debian-gcc 1.2 10.24 105.44 115.68 OK
r-devel-linux-x86_64-fedora-clang 1.2 199.01 NOTE
r-devel-linux-x86_64-fedora-gcc 1.2 187.76 NOTE
r-devel-windows-ix86+x86_64 1.2 48.00 164.00 212.00 OK
r-patched-linux-x86_64 1.2 14.38 134.68 149.06 OK
r-patched-solaris-x86 1.2 278.40 NOTE
r-release-linux-x86_64 1.2 13.36 134.65 148.01 OK
r-release-osx-x86_64 1.2 ERROR
r-release-windows-ix86+x86_64 1.2 28.00 152.00 180.00 OK
r-oldrel-osx-x86_64 1.2 ERROR
r-oldrel-windows-ix86+x86_64 1.2 29.00 226.00 255.00 OK

Check Details

Version: 1.2
Check: package dependencies
Result: NOTE
    Imports includes 27 non-default packages.
    Importing from so many packages makes the package vulnerable to any of
    them becoming unavailable. Move as many as possible to Suggests and
    use conditionally.
Flavor: r-devel-linux-x86_64-fedora-clang

Version: 1.2
Check: dependencies in R code
Result: NOTE
    Namespaces in Imports field not imported from:
     ‘Biobase’ ‘KernSmooth’ ‘Mfuzz’ ‘SelectBoost’ ‘animation’ ‘c060’
     ‘cluster’ ‘gplots’ ‘grid’ ‘jetset’
     All declared Imports should be used.
Flavors: r-devel-linux-x86_64-fedora-clang, r-devel-linux-x86_64-fedora-gcc, r-patched-solaris-x86

Version: 1.2
Check: package dependencies
Result: ERROR
    Package required but not available: ‘Mfuzz’
    
    See section ‘The DESCRIPTION file’ in the ‘Writing R Extensions’
    manual.
Flavor: r-release-osx-x86_64

Version: 1.2
Check: package dependencies
Result: ERROR
    Packages required but not available: 'jetset', 'Mfuzz', 'WGCNA'
    
    See section ‘The DESCRIPTION file’ in the ‘Writing R Extensions’
    manual.
Flavor: r-oldrel-osx-x86_64