CRAN Package Check Results for Package PetfindeR

Last updated on 2020-07-02 02:09:56 CEST.

Flavor Version Tinstall Tcheck Ttotal Status Flags
r-devel-linux-x86_64-debian-clang 2.0.0 3.15 22.51 25.66 OK
r-devel-linux-x86_64-debian-gcc 2.0.0 2.11 17.81 19.92 OK
r-devel-linux-x86_64-fedora-clang 2.0.0 39.09 NOTE
r-devel-linux-x86_64-fedora-gcc 2.0.0 30.38 NOTE
r-devel-windows-ix86+x86_64 2.0.0 9.00 51.00 60.00 OK
r-patched-linux-x86_64 2.0.0 2.95 22.42 25.37 OK
r-patched-solaris-x86 2.0.0 45.60 NOTE
r-release-linux-x86_64 2.0.0 3.13 22.18 25.31 OK
r-release-osx-x86_64 2.0.0 NOTE
r-release-windows-ix86+x86_64 2.0.0 6.00 33.00 39.00 OK
r-oldrel-osx-x86_64 2.0.0 NOTE
r-oldrel-windows-ix86+x86_64 2.0.0 5.00 44.00 49.00 OK

Check Details

Version: 2.0.0
Check: dependencies in R code
Result: NOTE
    Namespaces in Imports field not imported from:
     ‘R6’ ‘httr’ ‘jsonlite’
     All declared Imports should be used.
Flavors: r-devel-linux-x86_64-fedora-clang, r-devel-linux-x86_64-fedora-gcc, r-patched-solaris-x86, r-release-osx-x86_64, r-oldrel-osx-x86_64