Last updated on 2020-07-02 02:09:57 CEST.
Flavor | Version | Tinstall | Tcheck | Ttotal | Status | Flags |
---|---|---|---|---|---|---|
r-devel-linux-x86_64-debian-clang | 0.6.2 | 12.59 | 143.06 | 155.65 | OK | |
r-devel-linux-x86_64-debian-gcc | 0.6.2 | 8.94 | 106.10 | 115.04 | OK | |
r-devel-linux-x86_64-fedora-clang | 0.6.2 | 184.07 | NOTE | |||
r-devel-linux-x86_64-fedora-gcc | 0.6.2 | 177.72 | OK | |||
r-devel-windows-ix86+x86_64 | 0.6.2 | 34.00 | 155.00 | 189.00 | OK | |
r-patched-linux-x86_64 | 0.6.2 | 11.09 | 136.81 | 147.90 | OK | |
r-patched-solaris-x86 | 0.6.2 | 240.00 | OK | |||
r-release-linux-x86_64 | 0.6.2 | 9.95 | 138.12 | 148.07 | OK | |
r-release-osx-x86_64 | 0.6.2 | OK | ||||
r-release-windows-ix86+x86_64 | 0.6.2 | 22.00 | 156.00 | 178.00 | OK | |
r-oldrel-osx-x86_64 | 0.6.2 | OK | ||||
r-oldrel-windows-ix86+x86_64 | 0.6.2 | 25.00 | 229.00 | 254.00 | OK |
Version: 0.6.2
Check: Rd cross-references
Result: NOTE
Undeclared package ‘tibble’ in Rd xrefs
Flavor: r-devel-linux-x86_64-fedora-clang