CRAN Package Check Results for Package Qtools

Last updated on 2020-07-02 02:09:58 CEST.

Flavor Version Tinstall Tcheck Ttotal Status Flags
r-devel-linux-x86_64-debian-clang 1.5.1 39.13 135.05 174.18 OK
r-devel-linux-x86_64-debian-gcc 1.5.1 29.83 102.07 131.90 OK
r-devel-linux-x86_64-fedora-clang 1.5.1 222.49 OK
r-devel-linux-x86_64-fedora-gcc 1.5.1 209.47 OK
r-devel-windows-ix86+x86_64 1.5.1 101.00 185.00 286.00 OK
r-patched-linux-x86_64 1.5.1 34.40 135.12 169.52 OK
r-patched-solaris-x86 1.5.1 247.60 WARN
r-release-linux-x86_64 1.5.1 33.86 133.61 167.47 OK
r-release-osx-x86_64 1.5.1 OK
r-release-windows-ix86+x86_64 1.5.1 73.00 187.00 260.00 OK
r-oldrel-osx-x86_64 1.5.1 WARN
r-oldrel-windows-ix86+x86_64 1.5.1 88.00 251.00 339.00 OK

Check Details

Version: 1.5.1
Check: re-building of vignette outputs
Result: WARN
    Error(s) in re-building vignettes:
     ...
    --- re-building ‘Qtools.Rmd’ using rmarkdown
    Warning in engine$weave(file, quiet = quiet, encoding = enc) :
     Pandoc (>= 1.12.3) and/or pandoc-citeproc not available. Falling back to R Markdown v1.
    Quitting from lines 124-146 (Qtools.Rmd)
    Error: processing vignette 'Qtools.Rmd' failed with diagnostics:
    argument is of length zero
    --- failed re-building ‘Qtools.Rmd’
    
    SUMMARY: processing the following file failed:
     ‘Qtools.Rmd’
    
    Error: Vignette re-building failed.
    Execution halted
Flavors: r-patched-solaris-x86, r-oldrel-osx-x86_64