Last updated on 2020-07-02 02:09:58 CEST.
Flavor | Version | Tinstall | Tcheck | Ttotal | Status | Flags |
---|---|---|---|---|---|---|
r-devel-linux-x86_64-debian-clang | 1.1-1 | 19.16 | 128.42 | 147.58 | OK | |
r-devel-linux-x86_64-debian-gcc | 1.1-1 | 17.42 | 96.98 | 114.40 | OK | |
r-devel-linux-x86_64-fedora-clang | 1.1-1 | 196.07 | NOTE | |||
r-devel-linux-x86_64-fedora-gcc | 1.1-1 | 182.23 | OK | |||
r-devel-windows-ix86+x86_64 | 1.1-1 | 46.00 | 179.00 | 225.00 | OK | |
r-patched-linux-x86_64 | 1.1-1 | 23.42 | 128.48 | 151.90 | OK | |
r-patched-solaris-x86 | 1.1-1 | 239.90 | OK | |||
r-release-linux-x86_64 | 1.1-1 | 18.59 | 129.31 | 147.90 | OK | |
r-release-osx-x86_64 | 1.1-1 | OK | ||||
r-release-windows-ix86+x86_64 | 1.1-1 | 35.00 | 198.00 | 233.00 | OK | |
r-oldrel-osx-x86_64 | 1.1-1 | OK | ||||
r-oldrel-windows-ix86+x86_64 | 1.1-1 | 42.00 | 225.00 | 267.00 | OK |
Version: 1.1-1
Check: Rd cross-references
Result: NOTE
Undeclared package ‘fields’ in Rd xrefs
Flavor: r-devel-linux-x86_64-fedora-clang